rue
Is 10560089 composite?
True
Is 7241579 a composite number?
False
Is 12394997 composite?
True
Is 525727801 composite?
False
Is 2177881 prime?
True
Is 474516487 prime?
False
Is 138219 a composite number?
True
Is 17987257 a composite number?
False
Is 145497089 composite?
True
Is 698306861 a composite number?
True
Is 2441894053 prime?
True
Is 6373203 composite?
True
Is 98759153 prime?
True
Is 46748771 prime?
False
Is 63516277 a composite number?
True
Is 985379 a composite number?
False
Is 41001667 composite?
True
Is 10304747 prime?
False
Is 69837329 a prime number?
True
Is 17014477 composite?
False
Is 65076137 a composite number?
True
Is 43602929 composite?
True
Is 12587345 a prime number?
False
Is 1749361 a prime number?
False
Is 2779081 a composite number?
True
Is 9497095 prime?
False
Is 8501 a prime number?
True
Is 8321037 a prime number?
False
Is 721726 prime?
False
Is 485496923 a prime number?
True
Is 87430879 prime?
True
Is 14160683 prime?
True
Is 6759341 prime?
True
Is 86890787 prime?
True
Is 19387909 composite?
False
Is 441173 prime?
False
Is 5905567 a prime number?
False
Is 375062929 a composite number?
False
Is 173347 prime?
True
Is 2563919 a composite number?
True
Is 5637841 prime?
False
Is 59447933 composite?
True
Is 14742303 composite?
True
Is 1506587 prime?
True
Is 1872461 composite?
False
Is 703559 a prime number?
True
Is 1807639 a composite number?
True
Is 20498813 prime?
True
Is 23777311 prime?
True
Is 6547883 composite?
True
Is 2774029 a prime number?
False
Is 335060669 composite?
False
Is 31816641 a prime number?
False
Is 3066067 a prime number?
True
Is 7477819 a prime number?
False
Is 138198787 a prime number?
True
Is 22163837 a composite number?
True
Is 21165733 a composite number?
False
Is 2866247 a prime number?
True
Is 147705823 a prime number?
True
Is 111796157 composite?
True
Is 2319621 a prime number?
False
Is 100232491 composite?
False
Is 498738437 a composite number?
False
Is 155241167 composite?
False
Is 5799917 composite?
True
Is 1032034 a prime number?
False
Is 329700379 a prime number?
True
Is 64352579 composite?
False
Is 64881317 composite?
False
Is 7466897 prime?
False
Is 1915327 composite?
True
Is 17833657 a prime number?
True
Is 16978769 a composite number?
False
Is 14798243 composite?
True
Is 3079603 a prime number?
True
Is 50910297 a composite number?
True
Is 215431991 prime?
True
Is 411351 prime?
False
Is 36808223 prime?
True
Is 1904437 composite?
True
Is 251775371 a prime number?
True
Is 146646601 a prime number?
False
Is 2872687 prime?
False
Is 1707959 prime?
False
Is 64024799 composite?
False
Is 3817493 a prime number?
False
Is 8344369 prime?
False
Is 7366973 a composite number?
True
Is 27169685 a composite number?
True
Is 333859 a composite number?
True
Is 1345613 prime?
False
Is 1555063 a composite number?
True
Is 432365793 composite?
True
Is 1142833 a prime number?
True
Is 83738671 composite?
False
Is 16068347 prime?
True
Is 10729779 composite?
True
Is 2911679 a prime number?
True
Is 330140665 a prime number?
False
Is 601751 composite?
False
Is 4467851 prime?
True
Is 6909613 composite?
False
Is 67138829 prime?
True
Is 189331 a prime number?
False
Is 1837151 prime?
True
Is 199372237 prime?
False
Is 40662881 a prime number?
False
Is 21024067 composite?
False
Is 87185233 a composite number?
False
Is 9289433 a composite number?
False
Is 30721939 a prime number?
True
Is 32429543 a composite number?
True
Is 13873987 composite?
False
Is 3087521 a prime number?
True
Is 6137533 a composite number?
False
Is 8879029 composite?
True
Is 28832341 a composite number?
False
Is 21817003 a prime number?
False
Is 1070639 a prime number?
False
Is 8230763 a composite number?
True
Is 59530813 a composite number?
False
Is 276894379 composite?
False
Is 213188323 a prime number?
False
Is 43032409 a prime number?
False
Is 25100797 a composite number?
True
Is 71612557 a composite number?
False
Is 4479278 composite?
True
Is 20431 a prime number?
True
Is 22704497 composite?
True
Is 11687737 a prime number?
False
Is 62041723 composite?
False
Is 33156377 prime?
True
Is 8263435 composite?
True
Is 3591251 composite?
True
Is 164450251 a prime number?
False
Is 13833581 prime?
True
Is 7534573 composite?
True
Is 330103 a prime number?
True
Is 8228405 composite?
True
Is 2048703 a composite number?
True
Is 120493533 prime?
False
Is 2330447 a prime number?
False
Is 8616859 composite?
False
Is 225174959 prime?
True
Is 945209 a prime number?
True
Is 674356715 prime?
False
Is 88196263 a composite number?
False
Is 24556793 a prime number?
True
Is 4258451 a prime number?
False
Is 116724079 a prime number?
False
Is 1810283 prime?
True
Is 5050271 a prime number?
False
Is 2512621 a composite number?
True
Is 600641 a prime number?
True
Is 2496973 composite?
False
Is 24872629 composite?
True
Is 32496667 a composite number?
True
Is 780437815 prime?
False
Is 1962379 a composite number?
False
Is 228926053 a prime number?
True
Is 371921315 composite?
True
Is 6062167 a composite number?
True
Is 1810465 a composite number?
True
Is 67074467 prime?
True
Is 23307577 a prime number?
False
Is 40151713 a composite number?
True
Is 29750169 a prime number?
False
Is 994057 prime?
False
Is 252001 prime?
True
Is 211441997 composite?
True
Is 11637151 prime?
True
Is 470497 a composite number?
True
Is 29869727 a prime number?
False
Is 1131737 prime?
True
Is 135784529 a composite number?
True
Is 452219317 a prime number?
False
Is 18537019 a composite number?
False
Is 89669213 prime?
True
Is 2408293 prime?
False
Is 21004981 composite?
False
Is 11017703 prime?
False
Is 2409569 a composite number?
False
Is 124948723 prime?
True
Is 2304709 a composite number?
True
Is 1613921 composite?
False
Is 1075069 composite?
False
Is 51337621 a composite number?
False
Is 273857 a composite number?
False
Is 7421273 composite?
True
Is 13609021 composite?
True
Is 31786181 composite?
True
Is 112278437 a composite number?
True
Is 52636613 a prime number?
False
Is 86766613 composite?
True
Is 377585143 prime?
False
Is 3367130671 prime?
True
Is 3001253 prime?
True
Is 8409337 a composite number?
True
Is 1363589 composite?
True
Is 48292418 prime?
False
Is 136319 a composite number?
False
Is 103057931 composite?
True
Is 14581481 a composite number?
True
Is 610699 composite?
False
Is 826536623 prime?
False
Is 33808877 composite?
False
Is 457705 a composite number?
True
Is 28472947 a prime number?
True
Is 89784601 a prime number?
True
Is 180752017 composite?
False
Is 575119 composite?
False
Is 40309589 prime?
True
Is 712409 composite?
False
Is 27091723 prime?
False
Is 108212099 prime?
True
Is 130650551 prime?
False
Is 654769 a prime number?
False
Is 6678593 a composite number?
False
Is 4327439 prime?
True
Is 61486309 composite?
False
Is 721481 prime?
True
Is 22669117 a prime number?
False
Is 285863719 composite?
True
Is 940728227 a composite number?
False
Is 929221 a composite number?
True
Is 6567367 prime?
True
Is 224461157 composite?
False
Is 15383951 a composite number?
True
Is 214903489 a composite number?
False
Is 5827027 a prime number?
False
Is 1189739 a composite number?
True
Is 5261665 prime?
False
Is 44940113 a prime number?
False
Is 543463 prime?
True
Is 4390921 a composite number?
False
Is 674329 a prime number?
False
Is 3264091 a composite number?
True
Is 2859223 composite?
True
Is 25111433 composite?
False
Is 152570023 composite?
True
Is 4428643 a prime number?
True
Is 490001 composite?
False
Is 262829 a prime number?
False
Is 67927 a prime number?
True
Is 14164781 a prime number?
False
Is 45291613 a composite number?
False
Is 15575891 prime?
True
Is 1511303 a composite number?
False
Is 1248283 a prime number?
False
Is 41990519 prime?
False
Is 1096001 prime?
False
Is 265313 prime?
True
Is 1620517 prime?
True
Is 5928617 a composite number?
False
Is 1970780821 composite?
False
Is 2156071 prime?
True
Is 1303177 prime?
False
Is 5599219 composite?
False
Is 357121 a composite number?
True
Is 23365639 a prime number?
False
Is 37608689 prime?
False
Is 138831478 a composite number?
True
Is 17469733 a composite number?
False
Is 6890057 a composite number?
True
Is 256259807 composite?
False
Is 46514471 composite?
False
Is 63328801 prime?
False
Is 2241539 composite?
False
Is 74299309 a com